thousands digit of 1192414?
9
What is the units digit of 22986?
6
What is the hundreds digit of 134586?
5
What is the units digit of 371332?
2
What is the ten thousands digit of 12689680?
8
What is the thousands digit of 593492?
3
What is the hundreds digit of 83019?
0
What is the ten thousands digit of 3699358?
9
What is the ten thousands digit of 15121?
1
What is the ten thousands digit of 343650?
4
What is the ten thousands digit of 5714395?
1
What is the tens digit of 121532?
3
What is the ten thousands digit of 102561?
0
What is the hundreds digit of 481702?
7
What is the tens digit of 14799370?
7
What is the units digit of 16339150?
0
What is the ten thousands digit of 809828?
0
What is the units digit of 324016?
6
What is the tens digit of 577025?
2
What is the hundreds digit of 342869?
8
What is the thousands digit of 425036?
5
What is the millions digit of 9970393?
9
What is the ten thousands digit of 47371?
4
What is the ten thousands digit of 2780732?
8
What is the units digit of 167030?
0
What is the hundreds digit of 3932481?
4
What is the units digit of 196114?
4
What is the ten thousands digit of 4932226?
3
What is the units digit of 5411356?
6
What is the thousands digit of 18479649?
9
What is the thousands digit of 351215?
1
What is the thousands digit of 4383300?
3
What is the hundred thousands digit of 6330980?
3
What is the hundred thousands digit of 2351886?
3
What is the hundred thousands digit of 13200389?
2
What is the hundreds digit of 1881739?
7
What is the thousands digit of 991593?
1
What is the hundreds digit of 8830277?
2
What is the millions digit of 2961694?
2
What is the hundreds digit of 85822?
8
What is the thousands digit of 187204?
7
What is the thousands digit of 310677?
0
What is the hundreds digit of 459775?
7
What is the thousands digit of 1831138?
1
What is the thousands digit of 78312?
8
What is the ten thousands digit of 91535?
9
What is the thousands digit of 2399666?
9
What is the thousands digit of 336640?
6
What is the thousands digit of 1147148?
7
What is the hundreds digit of 883168?
1
What is the hundred thousands digit of 164568?
1
What is the thousands digit of 29235384?
5
What is the millions digit of 2747144?
2
What is the millions digit of 7170479?
7
What is the thousands digit of 110017?
0
What is the units digit of 648447?
7
What is the units digit of 85064?
4
What is the thousands digit of 287545?
7
What is the units digit of 5848424?
4
What is the hundred thousands digit of 490280?
4
What is the thousands digit of 1606961?
6
What is the hundreds digit of 1074492?
4
What is the hundred thousands digit of 1066031?
0
What is the hundreds digit of 10669184?
1
What is the units digit of 774791?
1
What is the millions digit of 3646600?
3
What is the tens digit of 482039?
3
What is the thousands digit of 263388?
3
What is the ten thousands digit of 477183?
7
What is the thousands digit of 375633?
5
What is the thousands digit of 1364943?
4
What is the thousands digit of 17015597?
5
What is the millions digit of 14033537?
4
What is the ten thousands digit of 35374006?
7
What is the millions digit of 1155419?
1
What is the units digit of 8439234?
4
What is the tens digit of 752372?
7
What is the hundred thousands digit of 8535770?
5
What is the hundreds digit of 422048?
0
What is the thousands digit of 2788558?
8
What is the tens digit of 27362299?
9
What is the hundred thousands digit of 302707?
3
What is the tens digit of 5272100?
0
What is the ten thousands digit of 1875242?
7
What is the tens digit of 20818295?
9
What is the hundreds digit of 5868913?
9
What is the thousands digit of 747187?
7
What is the millions digit of 6364966?
6
What is the units digit of 196813?
3
What is the hundred thousands digit of 3779654?
7
What is the tens digit of 844635?
3
What is the thousands digit of 824655?
4
What is the ten thousands digit of 249599?
4
What is the hundred thousands digit of 137978?
1
What is the millions digit of 3281063?
3
What is the hundreds digit of 6379077?
0
What is the ten thousands digit of 39929?
3
What is the hundred thousands digit of 1563095?
5
What is the tens digit of 6890710?
1
What is the units digit of 488707?
7
What is the tens digit of 23138972?
7
What is the hundreds digit of 47416?
4
What is the hundreds digit of 173502?
5
What is the units digit of 2813242?
2
What is the ten thousands digit of 1578863?
7
What is the tens digit of 1329802?
0
What is the units digit of 1253733?
3
What is the units digit of 783174?
4
What is the ten thousands digit of 1100569?
0
What is the ten thousands digit of 8287234?
8
What is the hundred thousands digit of 33862033?
8
What is the hundreds digit of 204319?
3
What is the tens digit of 1805587?
8
What is the hundreds digit of 225881?
8
What is the units digit of 168009?
9
What is the hundreds digit of 315560?
5
What is the hundreds digit of 1973211?
2
What is the ten thousands digit of 1257072?
5
What is the units digit of 6700539?
9
What is the tens digit of 712051?
5
What is the ten millions digit of 10737215?
1
What is the hundred thousands digit of 338128?
3
What is the hundred thousands digit of 6539523?
5
What is the units digit of 2680897?
7
What is the thousands digit of 101832?
1
What is the thousands digit of 110338?
0
What is the ten thousands digit of 5098194?
9
What is the tens digit of 11675698?
9
What is the millions digit of 3680040?
3
What is the millions digit of 8228649?
8
What is the thousands digit of 167533?
7
What is the ten thousands digit of 483728?
8
What is the tens digit of 22687?
8
What is the ten thousands digit of 65764?
6
What is the hundreds digit of 1417650?
6
What is the tens digit of 96162?
6
What is the hundreds digit of 248772?
7
What is the hundreds digit of 596522?
5
What is the thousands digit of 169074?
9
What is the tens digit of 358198?
9
What is the thousands digit of 12057?
2
What is the ten thousands digit of 2024084?
2
What is the ten thousands digit of 1803228?
0
What is the millions digit of 12359682?
2
What is the hundreds digit of 490911?
9
What is the tens digit of 103075?
7
What is the units digit of 12702?
2
What is the thousands digit of 11953238?
3
What is the hundreds digit of 9511718?
7
What is the ten thousands digit of 7301175?
0
What is the ten thousands digit of 223032?
2
What is the hundred thousands digit of 2671952?
6
What is the hundred thousands digit of 382974?
3
What is the millions digit of 1665190?
1
What is the hundreds digit of 1052980?
9
What is the units digit of 4668188?
8
What is the hundred thousands digit of 1272893?
2
What is the thousands digit of 145329?
5
What is the hundred thousands digit of 260739?
2
What is the tens digit of 1037544?
4
What is the ten thousands digit of 3035135?
3
What is the thousands digit of 229790?
9
What is the units digit of 9925377?
7
What is the hundreds digit of 997725?
7
What is the ten thousands digit of 425239?
2
What is the hundred thousands digit of 137390?
1
What is the thousands digit of 450636?
0
What is the hundred thousands digit of 9328739?
3
What is the units digit of 930834?
4
What is the tens digit of 1219469?
6
What is the units digit of 5552248?
8
What is the units digit of 7906380?
0
What is the thousands digit of 174857?
4
What is the ten thousands digit of 4247878?
4
What is the millions digit of 1947534?
1
What is the units digit of 73058?
8
What is the millions digit of 12879170?
2
What is the hundreds digit of 11144523?
5
What is the thousands digit of 163651?
3
What is the thousands digit of 133537?
3
What is the units digit of 4692184?
4
What is the hundreds digit of 3619967?
9
What is the tens digit of 358119?
1
What is the units digit of 861246?
6
What is the hundreds digit of 561827?
8
What is the hundreds digit of 2634184?
1
What is the millions digit of 1164967?
1
What is the tens digit of 15210323?
2
What is the thousands digit of 12373849?
3
What is the tens digit of 265904?
0
What is the tens digit of 33923?
2
What is the millions digit of 5908691?
5
What is the hundreds digit of 6719840?
8
What is the ten thousands digit of 89340?
8
What is the units digit of 1840701?
1
What is the ten thousands digit of 99456?
9
What is the thousands digit of 2014458?
4
What is the units digit of 1